the highest common divisor of 16 and 4016?
16
Calculate the highest common divisor of 160 and 14440.
40
What is the greatest common factor of 1856 and 64?
64
Calculate the highest common factor of 329 and 141.
47
Calculate the highest common divisor of 80 and 752.
16
Calculate the greatest common divisor of 1946 and 28.
14
Calculate the highest common factor of 12 and 23472.
12
What is the greatest common factor of 18 and 882?
18
What is the greatest common divisor of 3127 and 118?
59
What is the greatest common divisor of 54 and 12?
6
Calculate the highest common factor of 33 and 627.
33
Calculate the highest common divisor of 37 and 1184.
37
Calculate the highest common factor of 68 and 2873.
17
What is the highest common factor of 3 and 99?
3
What is the highest common divisor of 1034 and 94?
94
What is the greatest common factor of 1640 and 400?
40
What is the highest common factor of 9858 and 106?
106
Calculate the greatest common factor of 187 and 7667.
187
What is the highest common factor of 864 and 45?
9
Calculate the highest common divisor of 420 and 516.
12
Calculate the highest common divisor of 163 and 4.
1
What is the greatest common factor of 33 and 237?
3
What is the greatest common divisor of 1370 and 5206?
274
Calculate the highest common divisor of 15 and 3.
3
What is the greatest common divisor of 88 and 836?
44
Calculate the highest common factor of 27536 and 16.
16
Calculate the greatest common factor of 3154 and 76.
38
Calculate the highest common divisor of 1184 and 32.
32
What is the highest common factor of 8120 and 1820?
140
What is the greatest common divisor of 338 and 221?
13
What is the greatest common divisor of 264 and 198?
66
Calculate the highest common divisor of 8448 and 33.
33
Calculate the highest common divisor of 8 and 1244.
4
Calculate the greatest common factor of 1300 and 140.
20
Calculate the greatest common factor of 45 and 6300.
45
Calculate the greatest common divisor of 100 and 5675.
25
What is the greatest common factor of 2562 and 90?
6
Calculate the highest common factor of 869 and 242.
11
What is the greatest common factor of 96 and 600?
24
Calculate the greatest common divisor of 44 and 836.
44
Calculate the highest common divisor of 13031 and 1256.
157
What is the highest common divisor of 2262 and 58?
58
What is the greatest common divisor of 378 and 14?
14
Calculate the greatest common divisor of 29 and 203.
29
Calculate the highest common divisor of 137 and 11371.
137
Calculate the highest common factor of 60 and 732.
12
What is the highest common factor of 4186 and 483?
161
Calculate the highest common divisor of 168 and 14504.
56
What is the greatest common divisor of 416 and 988?
52
What is the highest common factor of 506 and 23?
23
Calculate the highest common divisor of 46 and 1.
1
Calculate the greatest common divisor of 99 and 18.
9
Calculate the greatest common factor of 960 and 16.
16
What is the greatest common factor of 1148 and 56?
28
What is the highest common divisor of 528 and 24?
24
What is the greatest common divisor of 11 and 55?
11
Calculate the highest common divisor of 210 and 490.
70
What is the highest common factor of 23 and 73163?
23
Calculate the highest common divisor of 22 and 11.
11
Calculate the highest common factor of 555 and 85.
5
Calculate the greatest common divisor of 920 and 568.
8
What is the greatest common divisor of 589 and 31?
31
Calculate the greatest common factor of 736 and 1504.
32
What is the greatest common factor of 20 and 290?
10
Calculate the greatest common divisor of 3436 and 12.
4
Calculate the highest common factor of 6 and 1047.
3
Calculate the highest common factor of 2332 and 22.
22
Calculate the greatest common divisor of 999 and 4107.
111
What is the greatest common divisor of 1548 and 34572?
516
Calculate the highest common factor of 160 and 890.
10
What is the greatest common factor of 48 and 2778?
6
Calculate the greatest common factor of 38 and 304.
38
Calculate the greatest common factor of 30 and 192.
6
Calculate the greatest common divisor of 8289 and 54.
27
Calculate the highest common factor of 440 and 792.
88
What is the highest common divisor of 3096 and 1224?
72
What is the greatest common divisor of 378 and 702?
54
What is the highest common divisor of 3497 and 26?
13
What is the greatest common divisor of 261 and 957?
87
Calculate the highest common divisor of 66 and 1683.
33
Calculate the greatest common divisor of 27 and 216.
27
What is the greatest common divisor of 1840 and 48?
16
Calculate the highest common factor of 1649 and 34.
17
What is the highest common divisor of 30797 and 103?
103
What is the greatest common factor of 357 and 153?
51
What is the greatest common divisor of 4 and 36?
4
Calculate the greatest common factor of 697 and 1681.
41
What is the highest common factor of 3252 and 60?
12
Calculate the highest common divisor of 36 and 84.
12
Calculate the highest common divisor of 12 and 1.
1
What is the highest common divisor of 40 and 376?
8
Calculate the greatest common divisor of 404 and 707.
101
What is the highest common factor of 32 and 24608?
32
What is the greatest common divisor of 10 and 134?
2
Calculate the highest common divisor of 21 and 93.
3
What is the greatest common divisor of 3 and 18?
3
Calculate the greatest common divisor of 16 and 8.
8
Calculate the greatest common divisor of 65 and 52.
13
Calculate the greatest common divisor of 201 and 33.
3
Calculate the highest common divisor of 48 and 824.
8
What is the greatest common divisor of 274 and 4?
2
Calculate the highest common factor of 66 and 682.
22
What is the greatest common factor of 286 and 182?
26
What is the greatest common factor of 1568 and 196?
196
What is the greatest common factor of 1040 and 80?
80
Calculate the greatest common divisor of 356 and 2670.
178
Calculate the highest common factor of 78 and 192.
6
What is the highest common factor of 144 and 45?
9
Calculate the greatest common factor of 27566 and 308.
154
Calculate the highest common factor of 506 and 46.
46
Calculate the highest common factor of 151 and 52699.
151
What is the greatest common factor of 5679 and 45?
9
What is the highest common divisor of 1183 and 91?
91
What is the greatest common divisor of 223 and 5?
1
Calculate the highest common divisor of 52 and 1222.
26
What is the greatest common divisor of 15 and 3495?
15
What is the greatest common factor of 1062 and 117?
9
Calculate the greatest common factor of 3857 and 812.
203
What is the greatest common factor of 24 and 224?
8
Calculate the greatest common divisor of 189 and 28.
7
Calculate the greatest common factor of 16 and 976.
16
Calculate the greatest common factor of 36 and 7164.
36
Calculate the greatest common factor of 553 and 28.
7
What is the highest common factor of 938 and 56?
14
Calculate the highest common factor of 1003 and 170.
17
Calculate the greatest common divisor of 5337 and 9.
9
What is the greatest common divisor of 1096 and 137?
137
Calculate the highest common divisor of 18 and 27.
9
What is the greatest common divisor of 56 and 1400?
56
Calculate the greatest common factor of 19 and 7391.
19
Calculate the highest common factor of 14 and 100.
2
What is the greatest common factor of 7405 and 10?
5
Calculate the highest common divisor of 14 and 28.
14
Calculate the greatest common divisor of 23716 and 392.
196
What is the highest common divisor of 60 and 260?
20
Calculate the greatest common divisor of 11242 and 33.
11
Calculate the greatest common factor of 48 and 1104.
48
Calculate the highest common factor of 6310 and 30.
10
What is the highest common divisor of 17 and 289?
17
What is the greatest common factor of 42 and 6188?
14
What is the greatest common factor of 156 and 585?
39
Calculate the greatest common divisor of 2698 and 1136.
142
What is the greatest common divisor of 14 and 150?
2
Calculate the highest common factor of 8 and 8.
8
What is the highest common divisor of 72 and 126?
18
What is the greatest common divisor of 175 and 3535?
35
What is the greatest common factor of 265 and 106?
53
Calculate the greatest common divisor of 413 and 59.
59
What is the highest common divisor of 42 and 98?
14
Calculate the highest common factor of 14800 